 o be (42/(-4))/(u/234). Is 3/(o/(-411) + 2) a prime number?
False
Let j be (-133)/5 - (-24)/(-60). Let i = j + 172. Is (i - 2)*(2 - 1) a composite number?
True
Suppose l + l + 8718 = 0. Let j(f) = f**3 - 11*f**2 + 26*f - 14. Let i be j(8). Is i/7 - l/7 composite?
True
Is 10258*((-119)/(-14))/17 composite?
True
Suppose -3*x + 2521 = -4*c, -2*x + 3 = -x. Let v = c - -1359. Is v a composite number?
True
Suppose -3*k = 3*y + 9, -6*y = -4*k - y + 24. Let v be k/(3/114) - 3. Is (-7)/v + 932/10 a composite number?
True
Suppose 4*h + 2*f - 13 = 19, -24 = -3*h + 3*f. Suppose -n - 10 = h. Let j = n + 25. Is j a composite number?
False
Suppose -5*o = 21361 - 109851. Is o composite?
True
Let m(u) = -4*u + 15. Let f be m(-8). Let z = f + 32. Is z a composite number?
False
Let n be ((4/2 - 1)/1)/1. Is (-7 - -8)*(0 + 562 + n) a prime number?
True
Let u = 346 + -182. Suppose i - u = 485. Is i a prime number?
False
Suppose 3*p = 4*q + 1, -q + p - 14 = 3*p. Is -2*(3 + 370/q) a composite number?
False
Let x be (-76)/(-28) + 4/14. Suppose 6*q = x*q + 12. Suppose -f = -3*w - 102, -q*f + 323 = 7*w - 2*w. Is f composite?
True
Let g = -8 - -11. Suppose 0 = -5*c - 2 - 8, -2*c + 584 = g*t. Suppose 0*y - t = -4*y. Is y prime?
False
Suppose -10456 + 25411 = -5*l. Is l/(-15) + 4/(-10) a composite number?
False
Let s(z) = 12*z**3 + z**2 + 4*z - 6. Let b be 1 + 1/(-3*2/(-12)). Is s(b) composite?
True
Let s = -29 + 32. Suppose 4*h - s*h = -5*i + 1089, 4*i = -4*h + 884. Is i a prime number?
False
Let j(d) = 6*d - 5. Let w(z) = -3*z + 6. Suppose -4*g = -5*g - 3. Let p be w(g). Is j(p) prime?
False
Let u be 76/(-18) + 16/72. Let y(a) = -3*a + 1. Let w be y(u). Let h(i) = i**3 - 4*i**2 + 19*i - 9. Is h(w) prime?
True
Suppose 0 = 6*m - 9531 - 1557. Let c = m - 1141. Is c composite?
True
Let s = 17 - 17. Suppose 5*u + 5*x - 25 = s, -2*u = -2*x - x - 30. Suppose 0 = -m - u + 120. Is m a composite number?
True
Suppose -2*a - 148 = a + 5*s, -5*s - 107 = 2*a. Let l = -103 - a. Let w = l - -219. Is w prime?
True
Suppose -x + 5*a - 340 = -4*x, 4*x + 4*a = 456. Let c = 568 - x. Is c prime?
False
Suppose -6 = -b - 4*w + 3*w, 0 = -2*b + 5*w - 2. Is (b/2 + -3)*-1055 a prime number?
False
Suppose -4*z = -4*s - 284, -4 - 2 = -3*s. Suppose -x - w = -4*w - z, -4*x = 2*w - 334. Let d = x - 45. Is d a composite number?
False
Let f(m) = -m**2 - 19*m - 12. Let v be f(-18). Let z = 7 + -5. Suppose -332 = -v*g + z*g. Is g prime?
True
Suppose z + 52 = 4*g, -3*g + 4*g + 2*z = 4. Suppose 0 = -2*k - 0*k + 22. Let u = k + g. Is u a prime number?
True
Suppose -h + 2*q = -0*q - 9, 5*q = -4*h - 3. Suppose -174 = -2*x + 4*t, -x + h*t + 175 = x. Is x prime?
True
Let s(d) = -2*d + 10. Let b be 77/11 + 4 + 0. Let x be s(b). Is -17*(-1 - x)*-1 composite?
True
Let s(z) = 12*z**2 + 2*z - 3*z**3 + 7*z**2 - 7 + 14*z. Let v(a) = -4*a**3 + 20*a**2 + 17*a - 7. Let h(x) = 5*s(x) - 4*v(x). Is h(-10) composite?
False
Let z = -250 + 485. Suppose -2*h = -823 - z. Is h a composite number?
True
Suppose -a + 895004 = 43*a. Is a a prime number?
True
Suppose 111206 = 5*v + x - 242108, 0 = -3*v + 5*x + 211994. Is v composite?
False
Let n(w) = 4*w**2 + 3*w - 1 - 4 - 2*w - 3*w. Let c be n(6). Suppose 4*s + c = 5*s. Is s a composite number?
False
Let a(j) = -j**2 + 6*j + 1. Let f be a(4). Let s be ((-32)/(-6))/(2/f). Suppose -918 + s = -2*y. Is y composite?
True
Suppose 12 = -3*c, 2*l + 3 - 23 = 4*c. Let v be 586/(2*(l - 1)). Suppose 0*f + 2*f - v = 3*q, 5*q = -25. Is f prime?
True
Suppose -3*b + 2*w = -61207, 165*b + 2*w - 102001 = 160*b. Is b a composite number?
True
Let x(y) = 6*y**3 - 3*y**2 - 16*y + 46. Is x(11) prime?
False
Suppose 0 = -3*j + 2*j - 4430. Is (-1 + 2)/((-10)/j) a prime number?
True
Let y(o) = -o - 10. Let u be y(-8). Let p be 350 - (u - (-2 - 2)). Suppose 0 = 5*g - g - p. Is g a prime number?
False
Let s(y) be the second derivative of -y**5/20 - y**4 + 37*y**3/6 - 19*y**2/2 - 3*y. Is s(-18) composite?
False
Suppose 18*s - 52 = 2. Is 733 + s + -2 + -3 a composite number?
True
Let f = 14 - 12. Suppose 3*p = 7 + f. Suppose 0*r + 4*r = p*m + 12, -5*r - m + 34 = 0. Is r a prime number?
False
Is 5 - (205004/(-12) - (-1)/(-3)) prime?
False
Suppose 0 = -c - 2, 3*c + 15 = -3*x + 4*x. Suppose 4*y - 2*z = -x - 7, -y - 3*z = 18. Let o = y - -28. Is o a composite number?
True
Suppose -3*a - 8 = -g - 27, -4*a + 22 = 2*g. Suppose a*z + 3*p - 1407 = 3*z, -z + 469 = -3*p. Suppose z = w - 0*w. Is w prime?
False
Let m = 3801 + -5457. Let x = 5393 + m. Is x a composite number?
True
Is (-1861)/(46/(-50) - 2/25) a prime number?
True
Let q(f) be the third derivative of f**5/60 + f**4/12 + f**3/6 - 4*f**2. Let z be q(-2). Is z/((-3)/(-6)) + 1 composite?
False
Suppose 0 = -0*h - 5*h + 6305. Is h composite?
True
Suppose p = 2*l + 11, l = p - 0*l - 7. Suppose -p*z = 3*z + 18. Is 182 + (z + 2)*-3 composite?
True
Suppose 0 = v + 4, -2324 = -0*m - m - 5*v. Let r = -845 + m. Is r prime?
True
Let a = -118 + 123. Suppose a*m - 2575 = 5*u, -3*m + 694 = 2*u - 851. Is m composite?
True
Let x(c) = 412*c + 1. Is x(1) prime?
False
Let l(c) = -c**3 + 3*c**2 - 4*c + 4. Let u = 18 + -16. Let y be l(u). Suppose -5*o = -4*o - 4*v - 141, 4*o + 2*v - 600 = y. Is o a prime number?
True
Let o be 1/((4 + -1)/27). Suppose 392 = 10*p - o*p. Suppose 4*r - 1683 = -5*u, -u - 53 + p = 2*r. Is u prime?
False
Let q = -8 + 13. Suppose -375 - 640 = -q*o. Is o composite?
True
Suppose 0 = 4*b - p - 28, 7*b = 5*b + 3*p + 4. Let r(d) = 137*d - 14. Let w(o) = -91*o + 9. Let m(a) = 5*r(a) + 7*w(a). Is m(b) prime?
False
Suppose 3*p - 2 = 2*a, 4*a = 5*p - a. Is (65/p)/(9/18) prime?
False
Suppose -o - 8 - 1 = 0. Let r = -6 - o. Suppose 0 = -2*t, 0 = n + 3*n - r*t - 1316. Is n a composite number?
True
Let l = -7 - -8. Let i be l - -172 - 0/9. Let w = i + -16. Is w prime?
True
Let t(g) = 14*g + 19. Suppose -3*o + o + 10 = 0, 3*k - 59 = -4*o. Is t(k) prime?
False
Let m(b) = 7*b**3 - 22*b**2 + 19*b + 43. Is m(15) a composite number?
True
Suppose 3*b + 4*u + 22 = 0, -3*b + 2*u + 5 = 3. Is -28*(b - (-789)/(-4)) a composite number?
True
Let p(o) = -7*o + 4*o + 5*o. Let c be p(3). Suppose -c*z + 679 = z. Is z composite?
False
Let f(n) = -n**2 + 3729. Let w be f(0). Is (w/(-44))/((-1)/4) a prime number?
False
Let n be (-1 - -1)*(-4)/8. Suppose n*i = 3*i - 33. Suppose -753 = i*t - 14*t. Is t prime?
True
Let v(d) = 3*d + 51. Let u be v(-17). Suppose u*m + 3*w = m - 167, 4*m + w - 642 = 0. Is m a prime number?
False
Let r = -658 - -3719. Is r a prime number?
True
Let q(s) = 1544*s**2 + 11*s + 5. Is q(-2) a prime number?
False
Let o be 1434/(-9) - (-4)/(-6). Let k = 414 - 143. Let l = k + o. Is l a composite number?
True
Let v(m) = 3*m - 36. Let p(c) = 5*c - 54. Let r(w) = -5*p(w) + 7*v(w). Let t be r(-13). Let k = t + 45. Is k composite?
True
Is 3/(6/15634)*1 a prime number?
True
Let b(m) = 15*m - 1. Let v be b(1). Suppose -3*a = -v - 265. Suppose -2*j = -5*j + a. Is j prime?
True
Let w(n) = n**3 - n**2 + n + 9. Suppose -s = y - 8, s = 3*s + 3*y - 19. Let o be w(s). Suppose 7*d + v - 450 = 2*d, d - o = -5*v. Is d a prime number?
True
Suppose 17*k - 53853 = 12*k + 2*s, k - 5*s - 10766 = 0. Is k composite?
False
Suppose 6*y = -7414 - 10682. Let u = y - -5787. Is u prime?
False
Suppose 0 = 9*h - 21*h - 24. Is ((-220)/(-15) + h)*123/2 a prime number?
False
Let h(w) = 10*w + 11. Let o(m) = m**3 - 9*m**2 - 10*m + 6. Let b be o(10). Is h(b) prime?
True
Let t(z) be the third derivative of 11*z**6/120 + z**5/60 - z**4/24 - z**3/6 - 3*z**2. Is t(2) composite?
False
Let f = 25 + -9. Let a(m) = -m**3 + 21*m**2 - 20*m - 5. Is a(f) composite?
True
Let a(g) = -3*g - 15. Let n be a(0). Is n/(-4) + 5/20 - -1557 composite?
True
Let m(h) = -6*h - 30*h**2 + h**3 + 7 - 30*h**2 + 41*h**2. Is m(22) prime?
True
Let t(k) = k**3 + 5*k**2 - 3. Suppose -8 = 2*g - w, -5*w + 5 + 3 = -2*g. Let d be (19 + -25)*g/(-6). Is t(d) a prime number?
True
Suppose -2*n = 2*i - 6186, -5*i + n + 15453 = -0*n. Is i a prime number?
False
Is (-1617)/14*2/(-3) a composite number?
True
Suppose 0 = 4*f + f - 2*y - 253357, 0 = -5*f + 5*y + 253360. Is f a composite number?
False
Suppose -5*r = 3*t - t - 2, 2*r - 4 = -4*t. Suppose -2*u + 5 = t. Is ((-57)/6 - u)*-14 composite?
True
Let x(c) = 23*c**2 - 27*c - 19. Is x(-10) a composite num